1. Suppose -g*i + 1934 = 3*a - 5009, 2*i = -4*a + 9264. Is a prime?
False
Suppose 90719 = 4*l + 4*v + 12307, 0 = 5*l - 5*v - 98015. Is l a prime number?
True
Let o be ((-2)/15 - 0) + 372/90. Suppose -d - 5979 = -l + o*d, -d - 5971 = -l. Is l prime?
False
Let i = 3976 - -23216. Let o be i/(-4) + 2 - 2. Is (-112)/196 + o/(-14) composite?
True
Let h(q) = -q**2. Let t(i) = 3*i**2 + 3*i. Let x(k) = 4*h(k) + t(k). Let g be x(3). Suppose -9*z + 1017 = -g*z. Is z a composite number?
False
Let l = -308 + 314. Suppose 0 = 5*d - 25, -4*d - 1545 = -5*x - l*d. Is x composite?
False
Let i = -45 - -44. Let w(b) = -1849*b - 2. Let n be w(i). Is 3 - 2 - (1 - n) prime?
True
Let p(y) = 466*y**3 + 2*y**2 + 79*y - 523. Is p(6) composite?
True
Let j = 11225 - 2052. Is j prime?
True
Let q(s) = -437*s - 86. Is q(-12) a composite number?
True
Let v(d) = d**2 - 6*d + 2. Let z be v(4). Is (-6686)/z - 1/3 prime?
False
Suppose -5*f - 2*l = 28530, 2*f + 0*l = 2*l - 11398. Let b = 6535 - f. Is b prime?
True
Suppose 813243 + 208551 = 8*g - 21590. Is g composite?
False
Suppose 2*n + 162499 = 3*p, -2*p + 116478 - 8137 = -3*n. Is p prime?
True
Suppose 5*q - 139455 = -10*j + 5*j, 3*q + 5*j - 83677 = 0. Is q composite?
True
Let v(u) = -1102*u - 4. Suppose s = -4*i - 23, 5*i + s + 15 = -13. Let c be v(i). Let n = c - 1355. Is n a composite number?
True
Let g(r) be the first derivative of r - 13 + 345/2*r**2. Is g(4) composite?
False
Let q be (-4 - -2)/((-1)/116). Let i be 22*44*5/40. Suppose w - i = q. Is w composite?
False
Let w(k) = 228*k + 3205. Is w(54) prime?
False
Let y(o) = 7*o**2 - 4*o + 1. Let k be y(1). Suppose -9 = -k*a + n - 0*n, -3*n = 3*a - 3. Suppose -5*m = -a*t + 249, 5*t = -5*m - 0*m + 640. Is t prime?
True
Let s(o) = 2*o**3 - 31*o**2 - 15*o - 12. Let l be s(16). Let i(z) = 762*z - 53. Is i(l) composite?
True
Let o(h) = 861*h**3 + 10*h**2 + 68*h - 563. Is o(10) prime?
True
Let k(z) = 973*z**2 + 5*z + 1. Let n(y) = -y**2 - y. Let p(j) = k(j) + 6*n(j). Is p(1) prime?
True
Let d(o) = 24*o + 33. Suppose -23*t = -18*t - 95. Is d(t) a composite number?
True
Is -5*(88/(-20) + 4)*(-3490559)/(-34) composite?
False
Suppose -32*k + 28*k = 42792. Let f = k + 15515. Is f composite?
False
Is 90347 - 8/(-3)*189/84 a prime number?
True
Is 489586/14 + 7/(49/4) a prime number?
False
Let b(a) = a**2 + 2. Let f be b(-2). Suppose 7*d = f*d. Suppose d = -10*x - 56 + 4066. Is x prime?
True
Suppose 6*u + 6 = 4*u, -4*c + 5 = u. Suppose -3*q + 8*q = -v + 5017, -5*v = -c*q - 24977. Is v prime?
False
Suppose 3*p - 26 = 3*c - 5, 0 = -5*p + 3*c + 27. Suppose 3*v + 0*w + p*w = 1557, 0 = -5*v - 2*w + 2589. Is v prime?
False
Let v be (45/(-25))/3 - (-106)/10. Suppose -8 = -2*d - 4*g, -g + 3*g - v = -4*d. Suppose 2*f = -5*q + 3641, 3*f = -d*q - 3*q + 5464. Is f a composite number?
False
Suppose -4*n - 5*k - 1126 = 0, 5*n + 2*k + 1728 = 312. Let c = 35 - n. Is c a prime number?
False
Suppose 28*u - 20 = 18*u. Let i(q) = 5*q - u*q - 2*q + 251 - 5*q. Is i(0) a prime number?
True
Let t = 34105 + 140092. Is t a prime number?
True
Let f be 19/(-57)*(1 - 16). Suppose f*z = -32*u + 31*u + 41589, 24939 = 3*z - 3*u. Is z prime?
True
Let z(w) = 8*w**3 - 8*w**2 + 7*w + 6. Let l be z(4). Suppose 424*k = l*k + 48198. Is k a prime number?
False
Suppose 0 = 4*y + 4*w + 84, 4*y + 4*w + 78 = 3*w. Let p = y + 22. Suppose -5*f + 4*r + 679 = 0, -p*r + 707 = 6*f - f. Is f a composite number?
False
Let r(y) = 4*y**2 + 3*y + 10*y + 29 - 27*y + 8*y. Is r(9) composite?
True
Let w be 2/(-17) - (-1360912)/238. Suppose -11688 = -18*i + w. Is i prime?
True
Is 8*(1625/180 - 9) + (-5680742)/(-18) a prime number?
False
Suppose -5*z + 3514 = 3*c, -c - 1123 + 2306 = 4*z. Is c prime?
True
Let o(p) = -4*p**2 + 117*p**3 - 16 - 339*p**3 + 111*p**3 + 10*p + 110*p**3. Let i be 28/(-3) - (-5)/15. Is o(i) a composite number?
True
Let t be (-36)/(-21) + ((-99)/21 - -5). Suppose 5*k = -2*b + 1083, t*k = 3*b - 6*b + 431. Is k a prime number?
False
Suppose 0 = 7*i - 3*i + 24. Let g = i + 10. Is 0 - (-855)/g - 17/(-68) prime?
False
Let q be (0 + (-2)/(-2))/(20/40). Let c be ((-645)/25)/((q/5)/(-2)). Suppose -5*i - c = 3*u - 5*u, -3*i = 3*u - 204. Is u a composite number?
False
Let i be 6/8*(-8 - (-12 - 0)). Suppose 7*f + 4*d - 1392 = i*f, -5*d - 1383 = -4*f. Is f a composite number?
False
Let a = -1528 - -7045. Suppose 6*g - a = 3*g. Let d = 3892 - g. Is d a prime number?
True
Suppose -2*t + 11*t - 45 = 0. Let p be t + (-2)/2 + (-18504)/(-3). Suppose -10*c + 6*c = -p. Is c a composite number?
False
Suppose 4*c = -4*c + 32. Let d(p) = 5*p - 25 + 0*p - 10*p - c*p. Is d(-10) a prime number?
False
Is 11*(34/17 + 53885) a prime number?
False
Is ((-3)/2)/(-2*3/199324) a composite number?
False
Let b = 237061 + -155310. Is b composite?
True
Let g(m) = 12887*m**3 + 4*m**2 + 7*m + 1. Is g(4) a prime number?
True
Let d(p) = -95*p**3 - 5*p**2 + 6*p + 2. Let x be d(3). Is 3*(x/21)/(-10) composite?
False
Suppose 5*g - 15 = 10*g, 4*g - 214 = -2*u. Suppose -99*j - 109438 = -u*j. Is j a composite number?
False
Let p(c) = c**3 - c**2 - 9*c + 7. Let j(s) = -2*s**3 - 6*s**2 + s + 4. Let q be j(-4). Suppose 28 = 5*y + d, -5*y = -0*d - d - q. Is p(y) composite?
True
Let r be (25*(-1)/4)/((-43)/172). Suppose -r*h + 16*h + 19611 = 0. Is h a composite number?
False
Let a(k) = k**2 + 4*k + 2. Let g be a(-4). Suppose t - 2*q - 117 = -113, 10 = -4*t - 5*q. Suppose t = g*x - 281 - 1509. Is x composite?
True
Is (23257 + 10 - 12) + 4 a prime number?
False
Is 5499515/15 + ((-10)/85 - (-240)/306) composite?
True
Let j(n) = -93*n**3 + 3*n**2 - 48*n + 31. Is j(-13) a composite number?
False
Suppose 5*v - 3*g = 9, 2*v + 0*v = g + 4. Suppose -4*p + 2001 = 5*c, -7*c + 1608 = -v*c - 4*p. Is c a prime number?
True
Let s = -34 - -30. Let h be 1*s*(-854 - -16). Let n = h + -1185. Is n a prime number?
False
Suppose 3*r - 168302 - 175819 = 3*j, 0 = 3*r - 5*j - 344109. Is r prime?
True
Suppose 15*d - 3883 = 4*d. Suppose 24 = 4*r + 4*c, -3*c + 21 = 3*r + r. Suppose r*y = 2084 - d. Is y composite?
False
Let m(q) be the second derivative of -103*q**5/40 - q**4/12 + 7*q**3/3 + 22*q. Let f(n) be the second derivative of m(n). Is f(-1) a composite number?
False
Let q(y) = 218*y + 10. Let f be q(3). Suppose -12*s + 10*s = f. Let x = 591 + s. Is x prime?
False
Let q be ((-10)/(-4))/((-1)/(-2)). Let o be (193 + -4)*(-1 + q). Suppose w - o = -5*g + 2*g, 0 = -5*g - 3*w + 1264. Is g a composite number?
False
Let d(b) be the third derivative of -9/8*b**4 - 17/6*b**3 + 2/15*b**5 + 0*b + 29*b**2 + 0. Is d(-16) a composite number?
True
Suppose -50 = -25*a - 175. Is (13466/a)/(28/(-70)) a composite number?
False
Let a(d) = -d**3 + 2*d**2 + 7*d - 10. Let s be a(2). Suppose -8*f = -3*f + 2*z - 98671, s*f - 5*z = 78917. Is f prime?
False
Suppose q = 4*y + 24, -2*y = -7*y - 25. Let s be (-3)/(9/q)*-9. Is (-1)/(s/(-5032)) + 3/(-9) composite?
False
Let s(p) = 4*p**3 - 16*p**2 - 18*p + 18. Let b(m) = 7*m**3 - 33*m**2 - 37*m + 35. Let v = -12 - -17. Let k(z) = v*s(z) - 3*b(z). Is k(14) a prime number?
True
Suppose y - 2*a - 67283 = 117598, 5*y + 2*a = 924501. Is y a prime number?
False
Suppose 3*p - 1756 = 5*s, -3*p - s - 1126 + 2888 = 0. Suppose -1120 = -0*g + 4*g. Let o = p + g. Is o a composite number?
False
Let l(a) be the third derivative of -a**6/120 + 5*a**4/24 + 2*a**3/3 - 14*a**2. Let i be l(-2). Is -2 - (i - (844 + -1)) a composite number?
False
Let p(c) = 133*c + 1924. Is p(6) a prime number?
False
Let h(o) = -11599*o**3 + 17*o**2 + 6*o + 6. Let t(a) = -2320*a**3 + 3*a**2 + a + 1. Let j(c) = 2*h(c) - 11*t(c). Is j(2) a prime number?
True
Let o = 73027 - 42566. Is o a prime number?
False
Suppose -326041 = -8*s - 2259625. Let t = 143194 + s. Is t/(-120) + 4/30 prime?
True
Suppose -44*f + 39*f = -15. Let g be 1/(4/f) - 5116/16. Let p = g - -808. Is p a composite number?
True
Is (-1054)/(-34)*(1721 + 0) prime?
False
Let m(d) = -d**3 + 25*d**2 + 26*d - 2. Let x be ((-107)/(-4))/1 - (-12)/(-16). Let i be m(x). Let o(c) = -548*c + 1. Is o(i) a prime number?
True
Suppose 4*z - 10 = -3*y, -2*y + 5*y = -5*z + 14. Suppose 0 = -z*q + 175 + 149. Suppose -q = 3*l - 1158. Is l prime?
True
Suppose 6*v = -26 + 2. Is (-1)/(6/145608*v) a composite number?
False
Let t = 52 - 64. Let c be (3/((-45)/t))/(2/(-2165)). L